{"id":3,"date":"2023-01-28T19:28:01","date_gmt":"2023-01-28T19:28:01","guid":{"rendered":"https:\/\/djirmc.com.mx\/?page_id=3"},"modified":"2023-01-31T23:29:11","modified_gmt":"2023-01-31T23:29:11","slug":"politica-privacidad","status":"publish","type":"page","link":"https:\/\/djirmc.com.mx\/index.php\/politica-privacidad\/","title":{"rendered":"Pol\u00edtica de privacidad"},"content":{"rendered":"\t\t<div data-elementor-type=\"wp-page\" data-elementor-id=\"3\" class=\"elementor elementor-3\">\n\t\t\t\t\t\t\t\t\t<section class=\"elementor-section elementor-top-section elementor-element elementor-element-25967e37 elementor-section-boxed elementor-section-height-default elementor-section-height-default\" data-id=\"25967e37\" data-element_type=\"section\">\n\t\t\t\t\t\t<div class=\"elementor-container elementor-column-gap-default\">\n\t\t\t\t\t<div class=\"elementor-column elementor-col-100 elementor-top-column elementor-element elementor-element-7ab2f8fc\" data-id=\"7ab2f8fc\" data-element_type=\"column\">\n\t\t\t<div class=\"elementor-widget-wrap elementor-element-populated\">\n\t\t\t\t\t\t\t\t<div class=\"elementor-element elementor-element-577ece34 elementor-widget elementor-widget-text-editor\" data-id=\"577ece34\" data-element_type=\"widget\" data-widget_type=\"text-editor.default\">\n\t\t\t\t<div class=\"elementor-widget-container\">\n\t\t\t<style>\/*! elementor - v3.10.1 - 17-01-2023 *\/\n.elementor-widget-text-editor.elementor-drop-cap-view-stacked .elementor-drop-cap{background-color:#818a91;color:#fff}.elementor-widget-text-editor.elementor-drop-cap-view-framed .elementor-drop-cap{color:#818a91;border:3px solid;background-color:transparent}.elementor-widget-text-editor:not(.elementor-drop-cap-view-default) .elementor-drop-cap{margin-top:8px}.elementor-widget-text-editor:not(.elementor-drop-cap-view-default) .elementor-drop-cap-letter{width:1em;height:1em}.elementor-widget-text-editor .elementor-drop-cap{float:left;text-align:center;line-height:1;font-size:50px}.elementor-widget-text-editor .elementor-drop-cap-letter{display:inline-block}<\/style>\t\t\t\t<p style=\"text-align: center;\"><b>AVISO DE PRIVACIDAD DEL DESPACHO JURIDICO INTERNACIONAL RODRIGUEZ MARTIN DEL CAMPO Y ASOCIADOS, S.C.<\/b><\/p>\n<p><b><span class=\"Apple-converted-space\">\u00a0 \u00a0 <\/span><\/b>De conformidad en lo dispuesto por la Ley Federal de Protecci\u00f3n de Datos Personales en Posesi\u00f3n de Particulares y su Reglamento, se emite el presente Aviso de Privacidad en los siguientes t\u00e9rminos:<\/p>\n<p>Despacho Jur\u00eddico Internacional Rodr\u00edguez Martin del Campo y Asociados, S.C., es una persona moral legalmente constituida de conformidad con la leyes mexicanas, con domicilio en calle F, n\u00famero 666, Segunda Secci\u00f3n, de la ciudad de Mexicali, Baja California, con C.P. n\u00famero 21100, y como resp\u00f3nsale de sus datos hace de su conocimiento que la informaci\u00f3n de nuestros clientes y clientes potenciales, es tratada de forma estrictamente confidencial, por lo que al proporcionar sus datos personales, estos ser\u00e1n utilizados \u00fanica y exclusivamente para las finalidades establecidas.<\/p>\n<p>Los datos que necesitamos recabar son: nombre, tel\u00e9fonos, correo electr\u00f3nico, domicilio, edad, sexo, ocupaci\u00f3n, RFC, CURP, fecha de nacimiento, empresa en la que labora.<\/p>\n<p>As\u00ed como los siguientes datos sensibles: comprobantes de ingresos, estados de cuenta bancaria, copia de identificaci\u00f3n con fotograf\u00eda, acta de nacimiento, acta de matrimonio, acta de defunci\u00f3n.<\/p>\n<p>La finalidad del tratamiento de sus datos es, para la debida tramitaci\u00f3n e integraci\u00f3n de los diversos procesos de car\u00e1cter judicial y extrajudicial que se nos encomiende por parte del cliente, as\u00ed como la comparecencia en su representaci\u00f3n ante autoridades judiciales y administrativas, ya sean municipales, estatales o federales.<\/p>\n<p><b><span class=\"Apple-converted-space\">\u00a0\u00a0 \u00a0 \u00a0 \u00a0 \u00a0 \u00a0 \u00a0 \u00a0 \u00a0 \u00a0 \u00a0 \u00a0 \u00a0 \u00a0 \u00a0 \u00a0 \u00a0 \u00a0 \u00a0 \u00a0 \u00a0 \u00a0 \u00a0 \u00a0 \u00a0 \u00a0 \u00a0 \u00a0 \u00a0 \u00a0<\/span><\/b><\/p>\n<p>Para prevenir el acceso no autorizado a sus datos personales y, con el fin de asegurar que la informaci\u00f3n sea utilizada para los fines establecidos en este Aviso de Privacidad, hemos establecido diversos procedimientos f\u00edsicos y administrativos, con la seguridad de que sus datos est\u00e1n debidamente protegidos.<\/p>\n<p>Le informamos que Usted tiene en todo momento los derechos ARCO (ACCEDER, RECTIFICAR, CANCELAR u OPONERSE) al tratamiento que le damos a sus datos personales, derecho que podr\u00e1 hacer valer a trav\u00e9s de Administraci\u00f3n, en el tel\u00e9fono (686) 5540808 o por medio del correo electr\u00f3nico: <a href=\"mailto:despachojuridico@djirmc.com\">despachojuridico@djirmc.com<\/a>.<\/p>\n<p>Para el ejercicio de cualquiera de los derechos ARCO, Usted deber\u00e1 presentar la solicitud de la siguiente manera:<\/p>\n<p>Deber\u00e1 enviar un escrito libre dirigido a Administraci\u00f3n mediante correo electr\u00f3nico o presentarse en calle F, n\u00famero 666, de la Segunda Secci\u00f3n de la ciudad de Mexicali, Baja California, en un horario de 8:00 am a 2:30 pm y de 4:30 pm a 7:00 pm, de lunes a viernes, el cual debe contener nombre completo, correo electr\u00f3nico, domicilio para notificarle la respuesta, anexando documentos que acrediten su personalidad, si es por medio de representante legal, deber\u00e1 presentar el original del poder notarial, la descripci\u00f3n clara y precisar de los datos personales respecto de los cuales busca ejercer alguno de los derechos ARCO, as\u00ed como cualquier otro documento que facilite la localizaci\u00f3n de sus datos personales. En caso de enviar su solicitud v\u00eda correo electr\u00f3nico, se le recuerda que deber\u00e1 presentarse posteriormente al domicilio indicado a fin de acreditar su identidad.<\/p>\n<p>Usted puede revocar el consentimiento que, en su caso nos haya otorgado para el tratamiento de sus datos personales, sin embargo, es importante que tenga en cuenta que no en todos los casos podremos atender su solicitud o concluir el uso de forma inmediata, ya que es posible que por alguna obligaci\u00f3n legal o bien, por subsistir la relaci\u00f3n jur\u00eddica, requerimos seguir tratando sus datos personales.<\/p>\n<p>Asimismo, Usted deber\u00e1 considerar que, para ciertos fines, la revocaci\u00f3n de su consentimiento implicara que no le podamos seguir prestando el servicio que nos solicit\u00f3 o la conclusi\u00f3n de su relaci\u00f3n con nosotros.<\/p>\n<p>Para solicitar la revocaci\u00f3n deber\u00e1 enviar un escrito libre dirigido a Administraci\u00f3n mediante correo electr\u00f3nico o presentarse en calle F, n\u00famero 666, de la Segunda Secci\u00f3n de la ciudad de Mexicali, Baja California, en un horario de 8:00 am a 2:30 pm y de 4:30 pm a 7:00 pm, de lunes a viernes, el cual debe contener nombre completo, correo electr\u00f3nico, domicilio para notificarle la respuesta, anexando documentos que acrediten su personalidad, si es por medio de representante legal, deber\u00e1 presentar el original del poder notarial, la descripci\u00f3n clara y precisar de los datos personales respecto de los cuales desea revocar su consentimiento. En caso de enviar su solicitud v\u00eda correo electr\u00f3nico, se le recuerda que deber\u00e1 presentarse posteriormente al domicilio indicado a fin de acreditar su identidad.<\/p>\n<p>Este Aviso de Privacidad podr\u00e1 ser modificado por Despacho Jur\u00eddico Internacional Rodr\u00edguez Martin del Campo y Asociados, S.C., dichas modificaciones ser\u00e1n oportunamente informadas a trav\u00e9s de nuestra p\u00e1gina en internet htp:\/\/www.djirmc.com.mx\/privasidad (en construcci\u00f3n) o cualquier otro medio de comunicaci\u00f3n que Despacho Jur\u00eddico Internacional Rodr\u00edguez Martin del Campo y Asociados, S.C., determine para tal efecto.<\/p>\n<p>Fecha de actualizaci\u00f3n: 9 de noviembre de 2017.<\/p>\n<p>Otorgo mi consentimiento para que mis datos personales sean tratados conforme a lo se\u00f1alado en el presente Aviso de Privacidad.<\/p>\n<p style=\"text-align: center;\">_______________________________________________<\/p>\n<p style=\"text-align: center;\"><b>LIC. RAMON MARTIN DEL CAMPO QUIRARTE.<\/b><\/p>\t\t\t\t\t\t<\/div>\n\t\t\t\t<\/div>\n\t\t\t\t\t<\/div>\n\t\t<\/div>\n\t\t\t\t\t\t\t<\/div>\n\t\t<\/section>\n\t\t\t\t\t\t\t<\/div>\n\t\t","protected":false},"excerpt":{"rendered":"<p>AVISO DE PRIVACIDAD DEL DESPACHO JURIDICO INTERNACIONAL RODRIGUEZ MARTIN DEL CAMPO Y ASOCIADOS, S.C. \u00a0 \u00a0 De conformidad en lo dispuesto por la Ley Federal de Protecci\u00f3n de Datos Personales en Posesi\u00f3n de Particulares y su Reglamento, se emite el presente Aviso de Privacidad en los siguientes t\u00e9rminos: Despacho Jur\u00eddico Internacional Rodr\u00edguez Martin del Campo &hellip;<\/p>\n<p class=\"read-more\"> <a class=\"\" href=\"https:\/\/djirmc.com.mx\/index.php\/politica-privacidad\/\"> <span class=\"screen-reader-text\">Pol\u00edtica de privacidad<\/span> Leer m\u00e1s &raquo;<\/a><\/p>\n","protected":false},"author":1,"featured_media":0,"parent":0,"menu_order":0,"comment_status":"closed","ping_status":"open","template":"","meta":{"site-sidebar-layout":"default","site-content-layout":"default","ast-global-header-display":"","ast-main-header-display":"","ast-hfb-above-header-display":"","ast-hfb-below-header-display":"","ast-hfb-mobile-header-display":"","site-post-title":"","ast-breadcrumbs-content":"","ast-featured-img":"","footer-sml-layout":"","theme-transparent-header-meta":"","adv-header-id-meta":"","stick-header-meta":"","header-above-stick-meta":"","header-main-stick-meta":"","header-below-stick-meta":""},"yoast_head":"<!-- This site is optimized with the Yoast SEO plugin v20.2 - https:\/\/yoast.com\/wordpress\/plugins\/seo\/ -->\n<title>Pol\u00edtica de privacidad - Asesores Jur\u00eddicos<\/title>\n<meta name=\"robots\" content=\"index, follow, max-snippet:-1, max-image-preview:large, max-video-preview:-1\" \/>\n<link rel=\"canonical\" href=\"https:\/\/djirmc.com.mx\/index.php\/politica-privacidad\/\" \/>\n<meta property=\"og:locale\" content=\"es_MX\" \/>\n<meta property=\"og:type\" content=\"article\" \/>\n<meta property=\"og:title\" content=\"Pol\u00edtica de privacidad - Asesores Jur\u00eddicos\" \/>\n<meta property=\"og:description\" content=\"AVISO DE PRIVACIDAD DEL DESPACHO JURIDICO INTERNACIONAL RODRIGUEZ MARTIN DEL CAMPO Y ASOCIADOS, S.C. \u00a0 \u00a0 De conformidad en lo dispuesto por la Ley Federal de Protecci\u00f3n de Datos Personales en Posesi\u00f3n de Particulares y su Reglamento, se emite el presente Aviso de Privacidad en los siguientes t\u00e9rminos: Despacho Jur\u00eddico Internacional Rodr\u00edguez Martin del Campo &hellip; Pol\u00edtica de privacidad Leer m\u00e1s &raquo;\" \/>\n<meta property=\"og:url\" content=\"https:\/\/djirmc.com.mx\/index.php\/politica-privacidad\/\" \/>\n<meta property=\"og:site_name\" content=\"Asesores Jur\u00eddicos\" \/>\n<meta property=\"article:publisher\" content=\"https:\/\/es-la.facebook.com\/djirmc\/\" \/>\n<meta property=\"article:modified_time\" content=\"2023-01-31T23:29:11+00:00\" \/>\n<meta name=\"twitter:card\" content=\"summary_large_image\" \/>\n<meta name=\"twitter:label1\" content=\"Tiempo de lectura\" \/>\n\t<meta name=\"twitter:data1\" content=\"4 minutos\" \/>\n<script type=\"application\/ld+json\" class=\"yoast-schema-graph\">{\"@context\":\"https:\/\/schema.org\",\"@graph\":[{\"@type\":\"WebPage\",\"@id\":\"https:\/\/djirmc.com.mx\/index.php\/politica-privacidad\/\",\"url\":\"https:\/\/djirmc.com.mx\/index.php\/politica-privacidad\/\",\"name\":\"Pol\u00edtica de privacidad - Asesores Jur\u00eddicos\",\"isPartOf\":{\"@id\":\"https:\/\/djirmc.com.mx\/#website\"},\"datePublished\":\"2023-01-28T19:28:01+00:00\",\"dateModified\":\"2023-01-31T23:29:11+00:00\",\"breadcrumb\":{\"@id\":\"https:\/\/djirmc.com.mx\/index.php\/politica-privacidad\/#breadcrumb\"},\"inLanguage\":\"es-MX\",\"potentialAction\":[{\"@type\":\"ReadAction\",\"target\":[\"https:\/\/djirmc.com.mx\/index.php\/politica-privacidad\/\"]}]},{\"@type\":\"BreadcrumbList\",\"@id\":\"https:\/\/djirmc.com.mx\/index.php\/politica-privacidad\/#breadcrumb\",\"itemListElement\":[{\"@type\":\"ListItem\",\"position\":1,\"name\":\"Inicio\",\"item\":\"https:\/\/djirmc.com.mx\/\"},{\"@type\":\"ListItem\",\"position\":2,\"name\":\"Pol\u00edtica de privacidad\"}]},{\"@type\":\"WebSite\",\"@id\":\"https:\/\/djirmc.com.mx\/#website\",\"url\":\"https:\/\/djirmc.com.mx\/\",\"name\":\"Asesores Jur\u00eddicos\",\"description\":\"Despacho jur\u00eddico internacional\",\"publisher\":{\"@id\":\"https:\/\/djirmc.com.mx\/#organization\"},\"potentialAction\":[{\"@type\":\"SearchAction\",\"target\":{\"@type\":\"EntryPoint\",\"urlTemplate\":\"https:\/\/djirmc.com.mx\/?s={search_term_string}\"},\"query-input\":\"required name=search_term_string\"}],\"inLanguage\":\"es-MX\"},{\"@type\":\"Organization\",\"@id\":\"https:\/\/djirmc.com.mx\/#organization\",\"name\":\"Asesores Jur\u00eddicos\",\"url\":\"https:\/\/djirmc.com.mx\/\",\"logo\":{\"@type\":\"ImageObject\",\"inLanguage\":\"es-MX\",\"@id\":\"https:\/\/djirmc.com.mx\/#\/schema\/logo\/image\/\",\"url\":\"https:\/\/djirmc.com.mx\/wp-content\/uploads\/2023\/01\/cropped-Diseno-sin-titulo.png\",\"contentUrl\":\"https:\/\/djirmc.com.mx\/wp-content\/uploads\/2023\/01\/cropped-Diseno-sin-titulo.png\",\"width\":512,\"height\":512,\"caption\":\"Asesores Jur\u00eddicos\"},\"image\":{\"@id\":\"https:\/\/djirmc.com.mx\/#\/schema\/logo\/image\/\"},\"sameAs\":[\"https:\/\/es-la.facebook.com\/djirmc\/\",\"https:\/\/www.instagram.com\/djirmc\/\",\"https:\/\/mx.linkedin.com\/in\/jorge-martin-del-campo-98933a1b\"]}]}<\/script>\n<!-- \/ Yoast SEO plugin. -->","yoast_head_json":{"title":"Pol\u00edtica de privacidad - Asesores Jur\u00eddicos","robots":{"index":"index","follow":"follow","max-snippet":"max-snippet:-1","max-image-preview":"max-image-preview:large","max-video-preview":"max-video-preview:-1"},"canonical":"https:\/\/djirmc.com.mx\/index.php\/politica-privacidad\/","og_locale":"es_MX","og_type":"article","og_title":"Pol\u00edtica de privacidad - Asesores Jur\u00eddicos","og_description":"AVISO DE PRIVACIDAD DEL DESPACHO JURIDICO INTERNACIONAL RODRIGUEZ MARTIN DEL CAMPO Y ASOCIADOS, S.C. \u00a0 \u00a0 De conformidad en lo dispuesto por la Ley Federal de Protecci\u00f3n de Datos Personales en Posesi\u00f3n de Particulares y su Reglamento, se emite el presente Aviso de Privacidad en los siguientes t\u00e9rminos: Despacho Jur\u00eddico Internacional Rodr\u00edguez Martin del Campo &hellip; Pol\u00edtica de privacidad Leer m\u00e1s &raquo;","og_url":"https:\/\/djirmc.com.mx\/index.php\/politica-privacidad\/","og_site_name":"Asesores Jur\u00eddicos","article_publisher":"https:\/\/es-la.facebook.com\/djirmc\/","article_modified_time":"2023-01-31T23:29:11+00:00","twitter_card":"summary_large_image","twitter_misc":{"Tiempo de lectura":"4 minutos"},"schema":{"@context":"https:\/\/schema.org","@graph":[{"@type":"WebPage","@id":"https:\/\/djirmc.com.mx\/index.php\/politica-privacidad\/","url":"https:\/\/djirmc.com.mx\/index.php\/politica-privacidad\/","name":"Pol\u00edtica de privacidad - Asesores Jur\u00eddicos","isPartOf":{"@id":"https:\/\/djirmc.com.mx\/#website"},"datePublished":"2023-01-28T19:28:01+00:00","dateModified":"2023-01-31T23:29:11+00:00","breadcrumb":{"@id":"https:\/\/djirmc.com.mx\/index.php\/politica-privacidad\/#breadcrumb"},"inLanguage":"es-MX","potentialAction":[{"@type":"ReadAction","target":["https:\/\/djirmc.com.mx\/index.php\/politica-privacidad\/"]}]},{"@type":"BreadcrumbList","@id":"https:\/\/djirmc.com.mx\/index.php\/politica-privacidad\/#breadcrumb","itemListElement":[{"@type":"ListItem","position":1,"name":"Inicio","item":"https:\/\/djirmc.com.mx\/"},{"@type":"ListItem","position":2,"name":"Pol\u00edtica de privacidad"}]},{"@type":"WebSite","@id":"https:\/\/djirmc.com.mx\/#website","url":"https:\/\/djirmc.com.mx\/","name":"Asesores Jur\u00eddicos","description":"Despacho jur\u00eddico internacional","publisher":{"@id":"https:\/\/djirmc.com.mx\/#organization"},"potentialAction":[{"@type":"SearchAction","target":{"@type":"EntryPoint","urlTemplate":"https:\/\/djirmc.com.mx\/?s={search_term_string}"},"query-input":"required name=search_term_string"}],"inLanguage":"es-MX"},{"@type":"Organization","@id":"https:\/\/djirmc.com.mx\/#organization","name":"Asesores Jur\u00eddicos","url":"https:\/\/djirmc.com.mx\/","logo":{"@type":"ImageObject","inLanguage":"es-MX","@id":"https:\/\/djirmc.com.mx\/#\/schema\/logo\/image\/","url":"https:\/\/djirmc.com.mx\/wp-content\/uploads\/2023\/01\/cropped-Diseno-sin-titulo.png","contentUrl":"https:\/\/djirmc.com.mx\/wp-content\/uploads\/2023\/01\/cropped-Diseno-sin-titulo.png","width":512,"height":512,"caption":"Asesores Jur\u00eddicos"},"image":{"@id":"https:\/\/djirmc.com.mx\/#\/schema\/logo\/image\/"},"sameAs":["https:\/\/es-la.facebook.com\/djirmc\/","https:\/\/www.instagram.com\/djirmc\/","https:\/\/mx.linkedin.com\/in\/jorge-martin-del-campo-98933a1b"]}]}},"_links":{"self":[{"href":"https:\/\/djirmc.com.mx\/index.php\/wp-json\/wp\/v2\/pages\/3"}],"collection":[{"href":"https:\/\/djirmc.com.mx\/index.php\/wp-json\/wp\/v2\/pages"}],"about":[{"href":"https:\/\/djirmc.com.mx\/index.php\/wp-json\/wp\/v2\/types\/page"}],"author":[{"embeddable":true,"href":"https:\/\/djirmc.com.mx\/index.php\/wp-json\/wp\/v2\/users\/1"}],"replies":[{"embeddable":true,"href":"https:\/\/djirmc.com.mx\/index.php\/wp-json\/wp\/v2\/comments?post=3"}],"version-history":[{"count":5,"href":"https:\/\/djirmc.com.mx\/index.php\/wp-json\/wp\/v2\/pages\/3\/revisions"}],"predecessor-version":[{"id":1124,"href":"https:\/\/djirmc.com.mx\/index.php\/wp-json\/wp\/v2\/pages\/3\/revisions\/1124"}],"wp:attachment":[{"href":"https:\/\/djirmc.com.mx\/index.php\/wp-json\/wp\/v2\/media?parent=3"}],"curies":[{"name":"wp","href":"https:\/\/api.w.org\/{rel}","templated":true}]}}